f u?
6
Let w be ((-4)/(-10))/((-6)/60). Let s = w - -18. What is the units digit of s?
4
Let g = 10 - 10. Suppose 3*m = 0, g = -2*a + 5*a + 2*m - 9. What is the units digit of a?
3
Suppose 0 = 3*i - 36 - 57. What is the units digit of i - (-2 - 0 - -3)?
0
Let q(j) be the first derivative of j**3/3 - 9*j**2/2 - 16*j - 3. What is the units digit of q(11)?
6
Let j = 170 - 59. What is the tens digit of j?
1
Suppose -4*m - 5 = -9*m. Let x(b) = -6*b**3 + 6*b**3 - 1 + 13*b**3. What is the tens digit of x(m)?
1
Suppose 5*d = 5*s - 0*s - 20, -5*s = -2*d - 11. Let z = d + 3. Suppose z = -4*a - a + 45. What is the units digit of a?
9
Let d(v) = v**3 + 1. Let j be d(-1). Let y = j + 2. What is the units digit of y?
2
Let b(o) = 144*o + 1. What is the units digit of b(1)?
5
Suppose 2*g - 30 = 4*w, 4*g + 3*w - 10 = -g. Suppose 5*o - 3*b + 27 = 0, -o + g*b - 17 = 6. Let y = o - -4. What is the units digit of y?
1
Suppose 4*l + 33 - 117 = 0. What is the tens digit of l?
2
Let w be ((-60)/(-8))/((-6)/(-56)). Suppose -5*f + w = t, 0 = 4*f - 5*f + 4*t - 7. What is the units digit of f?
3
Let x be 13 + -1 + (1 - 1). Let q = 18 - x. Suppose 0 = -4*t + 16, q = 5*m - t - 30. What is the units digit of m?
8
Let b(y) = -y + 9. Let r be b(6). Suppose r*n = -3*s + 62 + 55, 0 = 5*s - n - 183. What is the units digit of s?
7
Let n be 6/(-18)*(-6 + 0). Suppose 2*x - 62 = l, 0*x - n*l + 41 = x. What is the tens digit of x?
3
What is the units digit of 4/(-18) + 155/9?
7
Let w be (-54)/(-15) + 8/20. Suppose -w*o + 2 = -6. What is the units digit of o + 1 + (15 - -2)?
0
Suppose -3*b - 60 = -0*b. Let j = 29 + b. What is the units digit of j?
9
Suppose -s + 0*c + 5 = 3*c, 4*s - 4*c = 4. Let d = s + 2. Suppose -3 = d*k - 35. What is the units digit of k?
8
Let o(k) = -k**2 - k - 1. Let x(v) = v**3 + 3*v**2 + 8*v + 2. Let i(m) = 6*o(m) + x(m). Let s be i(3). Suppose 3*w - s*w - 9 = 0. What is the units digit of w?
9
What is the units digit of (-6)/4 - 6/(-12)*283?
0
Let q be 0/(-3) + 4 + -2. Suppose o = -0*o + 4. Suppose 3*r - q*r = -a + 11, -o*a = -5*r - 17. What is the units digit of a?
8
Let m = 2 - 4. What is the units digit of (m/(-3))/(2/24)?
8
Let x(b) = -5 - 7 + b - 3*b. Let q be x(-8). Suppose c = 5*m - 45, -5*c - 41 = 2*m - q*m. What is the units digit of m?
8
Suppose 4*d + 3 = -3*c + d, -c - 4 = 2*d. Suppose -c*m = -0*a + 4*a - 20, -3*m = 2*a - 14. What is the units digit of m/(-1) - (-24)/2?
0
Suppose 0 = 4*d + 4 - 16. Suppose d*a + 44 = v, v + 2*a = -2*a + 30. What is the units digit of v?
8
Suppose -745 = -5*l + 4*u, 3*l + 4*u - 132 = 347. What is the tens digit of l?
5
Let y(q) = -q**2 - 6*q + 4. Suppose 2*c - 3*c = 7. Let r = -12 - c. What is the units digit of y(r)?
9
Let o = 16 - 7. Let m(z) = z - 2. Let l be m(6). Let s = o - l. What is the units digit of s?
5
Let b be 6/2 - (-3 + 4). Let a(l) = 2*l**3 - 4*l**2 + 3*l - 2. Let j be a(b). Suppose 3*c - j - 5 = 0. What is the units digit of c?
3
Suppose -3*p = -m - 5*p + 1, 5*p = 2*m - 11. What is the units digit of m?
3
Let h = 6 - 4. Let l = 2 - h. Suppose u + l = 16. What is the tens digit of u?
1
Let n be 1*2/2*-3. Let z be (-10)/n + (-8)/(-12). Suppose z*p - 3*d - 15 = 18, 3*d = 5*p - 39. What is the units digit of p?
6
Suppose 4*w - 4 = 4. What is the units digit of w/6 + (-2)/(-3)?
1
Let z = 40 - -23. Suppose 3*y + 5*h = 84, 2*y + 0*h + h = z. What is the units digit of y?
3
Let x(o) = 2*o - 7. Let v be ((-1)/(-2))/((-3)/(-36)). Let p be x(v). Suppose 4*l = 3*w + 17, 5*w - l = l - p. What is the units digit of w?
1
Let k(r) = 3*r + 12. Let o(t) be the third derivative of t**4/24 + 2*t**3/3 - 2*t**2. Let v(y) = 2*k(y) - 7*o(y). What is the units digit of v(-5)?
1
Let g be 414/8 + 4/16. Suppose g = 4*l - 8. Suppose l = 6*p - 3*p. What is the units digit of p?
5
Let y = -2 + 2. What is the units digit of -4*(y/2 - 2)?
8
Let i(d) = -d**2 - 3*d - 4. Let s be i(-3). Let a(h) = -h**2 - 7*h - 6. What is the units digit of a(s)?
6
Suppose 2*t - 179 = -2*t + 5*o, -4*o + 71 = t. What is the tens digit of t?
5
Let c = -11 + 42. What is the tens digit of c?
3
Let c = -9 + 34. What is the tens digit of c?
2
Let l = 6 + -4. Let k be 34 - (0 + 0) - l. Suppose -12 = 4*a - k. What is the units digit of a?
5
Let n = -9 + 33. What is the tens digit of n?
2
Suppose -167 - 33 = -5*c. Suppose f = 4*h - c, 0*f + 64 = 4*h + 5*f. What is the units digit of h?
1
Let f(g) be the third derivative of g**6/120 - g**5/10 + g**3/2 + g**2. Let o(c) = c**3 - 2. Let s be o(2). What is the units digit of f(s)?
3
What is the units digit of (-54)/(-4)*-10*24/(-90)?
6
Suppose w - 2 = -3*i, -4*i + 8 = -i + 4*w. Suppose 2*c + d - 10 = -i*c, 3*d = -5*c + 26. Let a = 0 + c. What is the units digit of a?
4
Let q be 216/10 + 4/10. Suppose -190 = -4*p - q. What is the units digit of p?
2
Let z(f) = f + 1. Let s be z(-2). Let b(i) = -8*i + 5. Let r(h) = -4*h + 2. Let x(k) = -2*b(k) + 5*r(k). What is the units digit of x(s)?
4
Suppose 51 = 2*v - 3*n, 2*n - n = v - 26. What is the tens digit of v?
2
Let t = -1 - -4. Suppose -4*o - 2 = 3*v, 0 = -t*o + 4*v + 2 + 9. What is the units digit of o?
1
Let k = 133 + -76. Suppose 2*s + 0*y = -5*y + 102, s = -y + k. What is the tens digit of s?
6
Suppose 4*r - 14 = 3*c, 3*r = -c + 8*r - 23. Suppose -40 = -k - 3*h, k - c*h - 9 = 11. What is the units digit of k?
8
Suppose 0*h + 9 = h. Let b(c) = -c**3 + 10*c**2 - 7*c - 9. What is the units digit of b(h)?
9
Let q(f) = -f + 42. What is the tens digit of q(0)?
4
Let p = 16 + 8. Let i = -13 + p. What is the tens digit of i?
1
Let g be 0 + -4 + 0 - -14. Let l(m) = 1 + 2*m - 10*m**2 + 0*m + 2*m**3 - m**3. What is the tens digit of l(g)?
2
Let w be -2*34/(-4) - -2. Suppose -3*c = 5*l - 70, -4*l + c + 4*c + w = 0. What is the units digit of l?
1
Suppose -o + 2*o = -5*m + 1869, -2*m + 3*o + 734 = 0. What is the hundreds digit of m?
3
Let q = 0 - 2. Let i = 7 - q. What is the units digit of i*1 - (-2 - 0)?
1
Let s be 1/(-3)*(-20 + -1). Let a = s - -15. What is the units digit of a?
2
Let v(j) = -3*j. Let g be v(-8). Suppose -q = q - g. What is the tens digit of q?
1
Suppose -32 = -2*p + 3*g, -6 = -p + 3*g + 16. Suppose c - p + 0 = 0. What is the tens digit of c?
1
Let p = 7 + -7. Suppose p = 2*g - 20 - 10. What is the units digit of g?
5
Let b(j) = 2*j**2. Let t(a) = a - 12. Let u be t(9). What is the units digit of b(u)?
8
Let b be (2 - 1/(-1)) + 3. What is the tens digit of (-32)/48 + 184/b?
3
Suppose r = -2*p + 2*r - 5, 0 = -5*r - 5. What is the units digit of (1/p)/((-1)/27)?
9
What is the units digit of -6 + 40 + 3/((-9)/(-6))?
6
Let b = 3 - 0. Let q(o) = o**3 - 2*o**2 - 2*o + 3. Let w be q(b). Suppose w*d - 60 = d. What is the tens digit of d?
1
What is the units digit of (-7)/35 - 318/(-15)?
1
Let a = 68 + -63. What is the units digit of a?
5
Let i(y) be the first derivative of -y**2 - 9*y + 2. What is the units digit of i(-8)?
7
Let g = 32 + -22. Suppose j = -0*j + g. Let w = j - 7. What is the units digit of w?
3
Let f be (1*-18)/((-10)/25). Suppose 0 = 3*j - 0*j - f. What is the tens digit of j?
1
Suppose 4*o - 9 = 7. What is the units digit of ((-6)/o)/(3/(-4))?
2
Let s(b) = -b**3 + 8*b**2 - 4*b - 1. Let j be s(7). Suppose f - 3*f = -j. What is the tens digit of f?
1
Suppose 56 = -2*o + 6*o. What is the tens digit of o?
1
Let i be ((-6)/5)/(6/(-15)). Suppose -2*g - 3*r + 39 = 2*r, 0 = 4*g - i*r - 91. Suppose -5*d = 3*q + 4 - 2, 4*q + g = 3*d. What is the units digit of d?
2
Let j(t) be the first derivative of t**4/12 - t**3/3 + 3*t**2/2 - 2*t + 1. Let m(g) be the first derivative of j(g). What is the units digit of m(3)?
6
Let p = 1 + 3. Suppose p*k - 50 = -k. What is the tens digit of k?
1
What is the units digit of ((-181)/2)/((-1)/2)?
1
Suppose -4 = -3*m + 2*d, 5*m - 8 = d + 3*d. Suppose o - 2*o + 17 = m. What is the units digit of o?
7
Suppose 4*i - 763 = -307. Suppose -4*o + 2*u = -i, 0*o + 4*u - 52 = -2*o. What is the tens digit of o?
2
Let l(c) = 7*c + 14. What is the units digit of l(8)?
0
Let p(v) = -5*v**2 + 9*v + 2. Let f(w) = -11*w**2 + 19*w + 5. Let r(c) = -6*f(c) + 13*p(c). What is the tens digit of r(-8)?
3
Let g(o) = 1 + 3 - 3*o + o**2 - 5. What is the tens digit of g(6)?
1
Let r(p) = p**2 + 2*p + 4*p - 4 - 2*p. Let g be r(-7). Let j = g + -10. 